*t = 4*h - n, -5*h + 3*h - t = -268. Is h prime?
False
Suppose 4*f - 10 = -2, 5*u = 3*f + 5204. Is u a prime number?
False
Let y(a) = -1 - 15*a + 2 + 29*a. Suppose -m = 4*h - 34, 5*m - 14 = -5*h + 36. Is y(h) prime?
True
Let y = -198 - -376. Is y prime?
False
Let u = -2642 - -4543. Is u prime?
True
Let i = -14 + 237. Is i composite?
False
Suppose 4*u - 24 = -3*t - t, -4*u + 3*t + 59 = 0. Is u a composite number?
False
Let o = 10 - 16. Is 36/8*(-52)/o a prime number?
False
Let j = 219 + -74. Let s be (-2)/2 + j + 0. Is (-1)/(-1 + s/147) a prime number?
False
Let z = 9 - 23. Let c be (-5288)/z + (-6)/(-21). Let k = c + -251. Is k a composite number?
False
Let b = 13 + -9. Suppose l = -l - 6, 765 = 3*k - b*l. Is k prime?
True
Let z(h) = 3*h**3 - h**2 - 10*h + 7. Is z(8) a prime number?
True
Suppose -2*h - 189 = -0*n - n, 2*h + 547 = 3*n. Is n composite?
False
Let i(x) = -x**2. Let p be i(1). Let s = p - -1. Suppose s = -6*v + 2*v + 136. Is v a composite number?
True
Is 0 + -3 + 162 + -2 prime?
True
Is (-7)/21 + 4280/6 + -4 composite?
False
Let c = 8 + -5. Suppose 5 = -4*w + 25. Suppose -4*b = 4, 6*b + 1058 = w*s + c*b. Is s composite?
False
Let s(c) = -c**3 + 22. Suppose d = 3*d - 5*x - 15, -5*d = -x - 3. Is s(d) a prime number?
False
Let q(y) = y**3 - 11*y**2 + 8*y - 9. Is q(11) a prime number?
True
Let s(j) = 421*j + 2. Let p be s(1). Suppose p = 4*n - 413. Is n composite?
True
Suppose 0 = 5*n - 9 - 16. Suppose 5*j = v + 15, 0 = n*j - j - 4*v - 28. Suppose 5*a = 3*r - 211, 5*a - 174 = -0*r - j*r. Is r a prime number?
False
Suppose -2*o + 26 = -126. Let s be (-1 - 0)/(-1)*o. Suppose k - 31 = -5*m, -k - 2*k + 2*m = -s. Is k a composite number?
True
Suppose -2*b + 142 = 3*b + 2*j, 0 = -4*j + 4. Suppose 0*v = -2*v + b. Is v a composite number?
True
Let c(l) = 2*l**3 - 2*l**2 - 3. Is c(3) a prime number?
False
Suppose 9*b - 41960 = b. Is b prime?
False
Suppose -3*f + 5*l = l - 136, -2*f - l + 87 = 0. Suppose -4*r + 8 = -4. Suppose -r*i + f = -49. Is i a composite number?
False
Suppose 3*p + 1438 = 5*p. Is p a composite number?
False
Let i(v) = v + 10. Is i(5) a composite number?
True
Suppose 0*o = 3*o. Suppose 3*f + 2*i = 4, 4*f - i - i = -4. Suppose -4*g + f*g + 364 = o. Is g composite?
True
Is (5 + 1382)*-2*(-2)/4 composite?
True
Suppose 2*i + i + g - 47 = 0, 5*i = -g + 79. Suppose i = -2*l + 2*p, 12 + 0 = -l + 2*p. Is (-89)/l + 2/(-8) a prime number?
False
Suppose 5*l - 54 = -4*u + 24, -40 = -3*l + u. Suppose -l*g - 113 = -15*g. Is g a composite number?
False
Suppose 0*l = -l - 2. Is 49/(l/(-2)) + 2 a composite number?
True
Suppose -4*j - g = -1016, 5*j + 0*g - 1257 = 2*g. Let r = j - 134. Is r a prime number?
False
Let r = 0 + 1. Let h be (2*4)/r - 1. Let b(s) = -s**3 + 8*s**2 - 4*s - 2. Is b(h) a prime number?
True
Suppose -3*l + 0*l = -1449. Let t = -62 + l. Suppose 0 = -4*u + 4*j + 353 - 33, 5*u + 2*j - t = 0. Is u a prime number?
True
Let o(s) be the second derivative of 3*s + 7/3*s**3 + 0 + 1/2*s**2. Is o(3) a prime number?
True
Let i(h) be the second derivative of 73*h**4/6 + h**3/6 - 3*h. Is i(-1) a composite number?
True
Let y = -1025 + 1656. Is y a composite number?
False
Let k(a) = 38*a - 19. Let u(v) = 57*v - 29. Let n(q) = -8*k(q) + 5*u(q). Is n(-6) prime?
False
Suppose 0 = -5*h + 1129 - 194. Is h a composite number?
True
Let v be 18/(-4) + (-9)/(-18). Is 12 + 1/(v - -3) a composite number?
False
Let s = 17 + 11. Let u = s - -3. Is u prime?
True
Suppose t - 3598 - 493 = 0. Is t prime?
True
Let p be (66/(-5))/((-3)/10). Let m = 45 + p. Is m a composite number?
False
Let f = 49 + 20. Is f prime?
False
Let z = 8 - -4. Suppose -2*v + 116 = -z. Suppose -n = -29 - v. Is n a prime number?
False
Let g(m) = -m - 1. Let n be g(-4). Suppose n*a - a + 5*l = 327, 0 = -2*a + 2*l + 320. Is a a prime number?
False
Suppose 0 = -5*z - 15, 0*r + 307 = 2*r - 3*z. Is r a prime number?
True
Let y = -66 - -257. Is y prime?
True
Suppose -20*z = -3*z - 25687. Is z composite?
False
Is -613*(0 + -3) + 2 a composite number?
True
Suppose 0 = -5*h + 1305 + 160. Is h composite?
False
Let c(x) = -x - 1. Let v be c(-5). Let t be 319 - (v/(-2) + 5). Let g = -219 + t. Is g composite?
False
Let x = 1185 + -550. Is x a prime number?
False
Suppose -1 = z, 4*d - 528 = -4*z + 7360. Is d a composite number?
False
Let u be -2 - -2 - (0 - 2). Suppose u*v - 19 = -3*m, -4*v + 33 = 3*m + 2*m. Suppose 0 = v*p + 7*k - 2*k - 92, 0 = 5*p - 5*k - 265. Is p a composite number?
True
Suppose -7*i = -i - 90. Is i prime?
False
Suppose 6*q = q + 15. Suppose -6 = -3*x, q*o - 3*x + x - 191 = 0. Is o prime?
False
Let a be (1/(-2))/((-8)/48). Suppose i + k = 654, a*i - 1963 = k - 3*k. Is i composite?
True
Suppose 3*g + 0*g - 2*q - 1377 = 0, q = -3. Is g a composite number?
False
Suppose q - 3*f = -0*f + 12, 2*f = -q - 3. Suppose -8*v + q*v + 115 = 0. Is v a composite number?
False
Let p(u) = -85*u**3 - u**2 + 1. Let j = 7 + -8. Is p(j) a composite number?
True
Let z be 30/(-4)*10/(-15). Suppose 5*q = 0, -4*h - z*q = -3*q - 16. Suppose -h*d + 268 = 2*v, -3*d + 2*v + v + 183 = 0. Is d a composite number?
True
Let t(n) = -1 - 14*n + 2 + 0*n - 9*n. Let u be 5/(-1)*2/5. Is t(u) composite?
False
Suppose -5*t + 12955 + 100 = 0. Is t composite?
True
Suppose 4067 - 1198 = 5*g - 4*y, -2*y = 4*g - 2316. Is g a composite number?
False
Suppose 2*m - 4*m + 8 = 0. Let r(b) = m*b + 3*b**2 - 3*b + 4*b - 2. Is r(-4) composite?
True
Let y(g) = 5*g**3 - 1. Let w be y(-1). Let r(q) be the second derivative of -q**4/12 - 5*q**3/3 - 5*q**2/2 - q. Is r(w) a composite number?
False
Let x = 64 - -15. Is x prime?
True
Let s(m) = -70*m + 1. Let b(g) = 0 + 2 - g**2 - 4*g - 2 - 3. Let l be b(-4). Is s(l) composite?
False
Let f(o) = -37*o**3 - 2*o**2 + 1. Let y be f(-1). Is (-1602)/(-8) + 27/y a composite number?
True
Suppose -35 - 13 = o + c, 2*c = 5*o + 233. Let z = o + 238. Is z a composite number?
False
Suppose 0 = 3*k + b - 3*b + 6, 0 = -4*b + 12. Suppose -6 + 0 = 3*d, k = 3*u - d - 431. Is u composite?
True
Let x = -3048 + 6325. Is x a composite number?
True
Suppose -2*f - 384 = -g - f, 0 = -4*g + 2*f + 1526. Is g prime?
True
Let j(d) = 13*d**2 + 7*d - 1. Let p be (-5)/((-1)/3*3). Is j(p) a prime number?
True
Let a = -39 + 230. Is a a composite number?
False
Let v be 0/(((-9)/(-3))/3). Suppose v = -6*c - 57 + 291. Is c composite?
True
Let h(q) = 76*q**2 - 4*q + 1. Is h(3) a prime number?
True
Suppose 9 = 3*v - 0*v. Let g be v + (-2)/(-6)*0. Suppose -5 = -g*c + 52. Is c composite?
False
Let s(k) = k**3 + 7*k**2 - 7*k - 1. Let d be s(-8). Let g = d - -13. Is (g/6)/((-4)/(-150)) prime?
False
Suppose -3*k + 222 = -5*m, -5*k + 4*m + 82 + 288 = 0. Let f be 41 - (1 - 1/1). Suppose k = 5*i - f. Is i composite?
False
Let w(c) = -3*c**3 - 2*c**2 - 7*c + 8. Let s be w(-6). Suppose 3*m - q + 1100 = 0, 5*m + s + 1219 = 4*q. Let y = -144 - m. Is y a prime number?
False
Let s be -3*(-2 - (-8)/6). Suppose -2 = -c - h, -s*c - 2*h = c - 3. Is (c/(-2))/((-1)/(-70)) a prime number?
False
Suppose 3*t + 17 = 5. Let r = t + 4. Suppose -n + 20 = 4*j - 5*n, n - 2 = r. Is j composite?
False
Suppose 936 = 4*j - 4*y, -5*j + 1180 = y + 4*y. Is j prime?
False
Let l(w) = w**2 - 15*w - 29. Is l(28) a prime number?
False
Suppose f = -o + 1987, -6673 = -3*o + f - 696. Is o composite?
True
Let c be (-11)/(-3) - 3/(-9). Suppose w + c*n + 381 = 2*w, 2*w - 3*n - 762 = 0. Is w a prime number?
False
Let p(y) = -4*y - 5. Let n be p(-6). Suppose 177 = 2*r + n. Is r composite?
False
Let b be (-53)/4 - 7/(-28). Let n = 16 - b. Let h = n + -15. Is h a composite number?
True
Let k = -328 - -537. Is k prime?
False
Let j be 3/(-1)*4/(-3). Suppose l = j*o - 2*l - 25, l = -3. Suppose 0 = -o*i - 5*g + 125, i + 4*g = g + 40. Is i composite?
True
Suppose 0*m - 5*m = 0. Suppose 3*k - 9 = -3. Suppose m = -k*r + r + 35. Is r prime?
False
Suppose -2111 = -3*p - 44. Is p a composite number?
True
Let v = 219 - 115. Suppose -w + 32 = 2*n, -2*w + 2*n + v = w. Is w a prime number?
False
Let n(m) = 11*m - 6*m**2 + m**3 - 3*m + 1 - 2*m**3. Let v be n(-7). Is (4/3)/((-2)/v) a prime number?
False
Is 14/(-2)*(-158)/14 a prime number?
True
Is 2/2*1703/13 prime?
True
Suppose 0 = -p - 5 + 4. Is 82 + p + 12/(-6) prime?
True
Let j(z) = -z**2 + 104. Let g be j(0). Let i = 307 - g. Is 